. Let v be (27/(-4))/(48/(-128)). Let m(s) = v - 15 - 8 - 2*s + 3*s. What is m(f)?
-2
Let z(h) be the first derivative of -6*h + h**3 + 2*h**2 - 1/4*h**4 + 8. Let k be ((-40)/16 + 1/2)*-2. Determine z(k).
-6
Let i(j) = -j**2 - 6*j - 14. Let u = 7510 + -7513. Calculate i(u).
-5
Let t(s) = -20*s**2 + 4*s + 2. Let n be t(0). Let i(d) = -2*d**3 + 4*d**2 - d - 4. What is i(n)?
-6
Let y(d) = 6*d**2 - 300*d + 296. Let t be y(49). Let f(b) be the second derivative of 34*b + 1/2*b**t - 1/2*b**3 + 0. Determine f(-4).
13
Let p = -25881 - -25829. Let s(m) = 16*m + 838. What is s(p)?
6
Let u(n) be the first derivative of -n**2/2 - 3*n - 8250. Let k = 7 + -11. Determine u(k).
1
Let x(k) = -28*k. Let n be 1/(-2) + 1/(-10)*-25. Let z be (-20)/80*(-2 - n). What is x(z)?
-28
Let f(s) = 17*s + 53. Let j(x) = 3*x + 12. Let b(q) = 2*f(q) - 11*j(q). Determine b(16).
-10
Let u be 1/((-3)/15 + (-10)/(-25)). Suppose -20 = 4*s, 3*l - u*s = -9*s + 40. Let z(v) = -3*v**2 + l - 10 - 4*v - 12. Calculate z(-3).
-17
Suppose 2*o - 6 = 5*g, -5*g + 7*g = -3*o - 10. Let h(l) = 6*l**3 + 3*l**2 + l + 1. What is h(o)?
-37
Let t be (-104)/18 - 108/486. Let u(o) = o**2 + 8*o + 9. What is u(t)?
-3
Let g(a) = -a**2 + 24*a + 24. Let b be g(25). Let s(f) = -f + 2. Let y(o) = -6*o + 13. Let p(z) = b*y(z) + 5*s(z). What is p(3)?
0
Let i(s) = -6*s + 41. Let w be i(6). Let j(n) = -n**3 + 6*n**2 - 5*n - 3. Let c be j(w). Let v(m) = -m + 3. Give v(c).
6
Let o(m) = -19*m + 21. Suppose 136 = y + 138. Determine o(y).
59
Let d be (-4)/(4332/(-190) - -23). Let u(k) be the first derivative of k**3/3 + 10*k**2 - 3*k + 2. Give u(d).
-3
Suppose -2*n = -3*n + 3. Let b be -5 - (5/10*-18 - -4). Suppose b = a + n*a. Let o(r) = -r**2 - r + 9. What is o(a)?
9
Suppose 0 = -4*h + 1193 - 1197. Let v(x) = -5*x - 10. Let j be v(h). Let z(q) = q**2 + 4*q + 2. Calculate z(j).
7
Let q(x) = -828*x**2 + 367*x**2 - 7*x + 236*x**2 + 227*x**2 - 18. Determine q(5).
-3
Let b(n) = -4*n + 12. Let v be b(-3). Suppose 3*c - 3*h = 0, -c - v = -5*c - 4*h. Let s(w) = 2*w**3 - 4*w**2 - 2. Calculate s(c).
16
Let u(q) = q**2 + 5*q - 5. Let n(y) = -y**3 + 12*y**2 - 12*y + 5. Let k = -9 + 8. Let j be 189/18 + k/(-2). Let v be n(j). Calculate u(v).
1
Let a be (-8607)/76*8/(-3). Let s(r) = -7*r**2 - 7*r - 311 + 0*r**3 + a - r**3. Give s(-6).
-3
Let o be (-2)/3 - 2100/(-315). Let m(i) = 1 + 2*i + 0 + 6*i**2 + 3 - 2 - i**3. What is m(o)?
14
Suppose 15*f - 673 = -2533. Let a = f + 128. Let q(i) = -i**2 + 5*i. Determine q(a).
4
Let i(p) = -13*p**3 - 10*p**2 - 5*p - 27. Let q(y) = -5*y**3 - 5*y**2 - 2*y - 12. Let h(x) = -2*i(x) + 5*q(x). Calculate h(5).
-6
Let j(v) = 5*v - 35. Suppose 0 = 3*y, -2*x + 2*y + 9 = -3. Determine j(x).
-5
Let k(v) = -4*v - 9. Let p be 0/(-1) + (6 - 1). Let m(o) = o + 1. Suppose -118*x + 18 = -100*x. Let d(j) = p*m(j) + x*k(j). What is d(3)?
-1
Let m(q) = q - 10. Let c(w) = -76*w + 29. Let b(s) = -c(s) - 3*m(s). Determine b(1).
74
Let h(r) = -r**3 - 4 + 4*r**2 + 2 + 3*r + 7. Let b(n) = -n**3 - 11*n**2 - 25*n + 5. Let z be b(-8). Suppose 1 = z*s - 64. What is h(s)?
-5
Suppose 9*k = 11*k - 6. Let r(q) be the second derivative of q**4/4 - q**3/2 - 2*q**2 + 17*q. What is r(k)?
14
Let o be ((-304)/(-38) - (1 + 11))/(-1). Let i(n) be the third derivative of 0*n - n**3 + 0 + 1/30*n**5 + 2*n**2 + 1/3*n**o. Determine i(-6).
18
Suppose 2 = t + t. Let c(r) be the first derivative of r + 114 - 3/4*r**4 - r**2 + 1/3*r**3. Calculate c(t).
-3
Let n be (-1)/(2/10) - 0. Let f(w) = 7*w + 71. Let b(v) = 5*v + 52. Let a(s) = 12*b(s) - 9*f(s). Calculate a(n).
0
Let d = -7 + -2. Suppose -47*p = -92 - 2. Let m(u) = -7*u**2 + 4*u**p + 10*u + 10*u**2 - 7*u**2 + u**2 + 3. Determine m(d).
-6
Let d be ((-9)/(81/63) - 1)*-1. Let l(t) = -t**2 + 13*t + 9. Give l(d).
49
Suppose g + 6 = 8. Let a(b) = 295*b - 2 - 582*b - b**g + 296*b. What is a(8)?
6
Let x be (-6)/(-3)*4/8. Let d(k) = 7*k - 3 - x + 4*k**2 - 2 - k**3 + 0. Suppose 0 = -h - 3*w + 17, 3*h - 6*w = -w - 5. Determine d(h).
4
Let q(h) = 4*h - 14. Let b = 36 - 32. Let s be q(b). Suppose 3*m + m = 2*u - s, -2*u - 14 = 4*m. Let n(c) = 2*c**3 + 3*c**2 + 2*c + 2. Give n(m).
-6
Let j(p) be the third derivative of 55*p**4/24 - 2*p**3/3 - 4*p**2 + 13*p. Let m(y) = -18*y + 1. Let z(r) = 2*j(r) + 7*m(r). Determine z(-1).
15
Let p(h) = -6*h**3 - 13*h**2 - 16*h + 29. Let s(x) = -5*x**3 - 9*x**2 - 16*x + 28. Let v(i) = 6*p(i) - 7*s(i). Determine v(-16).
-22
Let a(y) be the third derivative of y**7/2520 - y**6/240 - y**5/30 - 13*y**4/12 - 5*y**2 + 5*y. Let j(h) be the third derivative of a(h). Calculate j(0).
-3
Let n(j) = -j**3 + 15*j**2 + 2*j - 8. Let a(q) = -q**2 - 60*q + 204. Let r be a(3). Determine n(r).
22
Let d(s) = -4*s - 513*s**3 - 3*s**2 - 524*s**3 + 1035*s**3 - 5. Let n(a) = -3*a**3 - 5*a**2 - 8*a - 9. Let p(z) = -5*d(z) + 3*n(z). Calculate p(-3).
-17
Let j(n) = -17*n + 2 - 4 + 16*n. Let w be j(0). Let q(m) = -3*m**2 - 2*m - 2. Determine q(w).
-10
Let h(i) = -5. Let g(l) = 3*l + 81. Let c(d) = -g(d) - 18*h(d). Determine c(4).
-3
Let p(s) be the second derivative of s**5/20 - s**4/4 - s**3/6 - 5*s**2/2 + 16*s + 41. Give p(2).
-11
Let w(m) = -27*m - 44. Let d(r) = -5*r - 9. Let h(q) = 11*d(q) - 2*w(q). Let p(x) = -x + 7. Let l be p(7). What is h(l)?
-11
Let u be 50 + -45 + (-30)/6. Let v(w) be the second derivative of u - 28*w + 1/6*w**3 - 2*w**2. What is v(4)?
0
Let f(m) = 6*m + 46. Let d = -1844 - -1834. Determine f(d).
-14
Let o(q) = 2*q**2 + 3*q - 1. Suppose 8*t - 11556 = -19*t. Let v = t - 431. Calculate o(v).
8
Let g(s) = -6*s**2 - 596*s**3 + 595*s**3 - 11*s**2 + 16*s - 54 + s**2 + 7*s**2. What is g(-11)?
12
Let w(k) be the first derivative of 3*k**4/2 - 4*k**3/3 + k**2/2 + 2*k - 14. Let c be w(1). Let f(t) = -t**2 + 8*t - 7. What is f(c)?
8
Let u(z) be the second derivative of 41*z + 1/12*z**4 + 3/2*z**2 + 0 + 5/3*z**3. What is u(-10)?
3
Suppose 0 = -2*a - 7*a + 297. Let y(u) = a + 14 - 40 + u. What is y(-7)?
0
Let b(a) = 13*a + 33 + 15*a + 25*a - 49*a. Determine b(8).
65
Let w be (138/5)/3 - 36/(-45). Let m(x) = -2*x - 8 - 21 - 15 - w + 11. Determine m(-23).
3
Suppose 8*f = 6*f + 178. Let l = 85 - f. Let w be 1/l - 3/24*30. Let q(h) = h**3 + 4*h**2 - 2*h - 6. Give q(w).
2
Let h(k) = -k**2 + 7*k + 6. Suppose 0 = 231*x - 244*x + 117. Give h(x).
-12
Let z(s) be the third derivative of -1/60*s**5 - 1/3*s**3 - 1/120*s**6 + 1/12*s**4 + 0 + 0*s - 50*s**2. Give z(-3).
10
Suppose -100*w + 546 = -654. Let v(u) = -u**2 + 14*u - 27. Determine v(w).
-3
Let r(v) = 2*v**2 - 3*v + 7. Let h(i) = 3*i**2 - 5*i + 9. Let j(f) = 3*h(f) - 4*r(f). Give j(2).
-3
Let o(i) = -i**3 - 8*i**2 - 14*i - 61. Let a be o(-7). Let n(x) = x**2 + 10*x - 8. Give n(a).
16
Suppose -3207*i + 3289*i + 1394 = 0. Let v(t) = t + 8. What is v(i)?
-9
Let q(i) = i - 1. Suppose -3*n + 4*r = -22, 5*n + r = 6*r + 35. Suppose 5*h - u = n, 8 = 3*h - 3*u + 14. Determine q(h).
1
Let k(y) = -3*y**3 - 14*y**2 - 3*y - 50. Let m be k(-5). Let n(o) = o**3 + 8*o**2 - 23*o - 10. What is n(m)?
20
Let r = -13 - -18. Let g(y) be the first derivative of -3*y**2/2 + 5*y - 15597. Give g(r).
-10
Let d(q) be the second derivative of q**4 + q**3/2 + 99*q**2 - q + 20. Let n(o) be the first derivative of d(o). Give n(-2).
-45
Let k(b) = -4 + b**2 - 5*b - 3 + 5. Let q = -3466 - -3469. Calculate k(q).
-8
Let a(v) = v**3 + 6*v**2 + v - 26. Let m(d) = 2*d**3 + 4*d**2 + 3*d + 1. Let q be m(-2). Determine a(q).
-6
Let w(v) be the first derivative of 102 + 1/3*v**3 - 6*v**2 + 8*v. What is w(10)?
-12
Let f(j) = j**2 + j. Let o be -1 - 1 - (1 + -4). Let s be o/2*(2/(-2) - 1). Let b(c) = 2*c**2 - 5*c + 4. Let h(x) = s*b(x) + 3*f(x). Determine h(-8).
-4
Let f(d) = -15 - 468*d + 31 + 48 + 511*d - 18*d**2 - d**3. Determine f(-20).
4
Let t(n) = 9*n - 11*n - 4*n**2 - 270 - n**2 + 271. Let v(f) = f**3 + 9*f**2 - 11*f - 9. Let i be v(-10). Determine t(i).
-6
Let h be (9 - (3 + -2)) + 6. Suppose 2*w = 2*p, 2*w + h - 6 = -2*p. Let x(g) = g**3 + 2*g**2 + 3*g + 5. Calculate x(p).
-1
Let r be 2 - (-19)/(133/(-14)). Suppose r = 3*q - 2*l - 13, 7*l + 5 = -5*q + 5*l. Let z(s) = -12*s**3 - 2*s + 1. Calculate z(q).
-13
Let t(f) = -6*f**3 - 32*f**2 + 30*f - 9. Let k(r) = -5*r**3 - 31*r**2 + 22*r - 7. Let y(w) = -7*k(w) + 6*t(w). Calculate y(26).
-5
Let n(p) = p**2 + p + 30. Let h(